-1
2 (base 9) to base 15
2
Convert 8 (base 13) to base 7.
11
2 (base 3) to base 8
2
Convert -11 (base 3) to base 15.
-4
What is -101 (base 2) in base 9?
-5
-113 (base 10) to base 16
-71
Convert -21 (base 3) to base 14.
-7
16 (base 15) to base 5
41
-8 (base 10) to base 11
-8
30 (base 8) to base 14
1a
What is 12 (base 7) in base 15?
9
What is -4 (base 12) in base 7?
-4
Convert -7f (base 16) to base 10.
-127
What is -14 (base 6) in base 3?
-101
What is -144 (base 8) in base 12?
-84
What is 1101 (base 6) in base 3?
100101
Convert -4 (base 15) to base 5.
-4
Convert 26 (base 8) to base 13.
19
What is -4 (base 15) in base 4?
-10
-1000 (base 6) to base 9
-260
1210 (base 3) to base 8
60
Convert -c (base 13) to base 9.
-13
Convert -5 (base 6) to base 13.
-5
Convert 265 (base 8) to base 14.
cd
What is 10111 (base 2) in base 14?
19
Convert -321 (base 4) to base 3.
-2010
Convert -40 (base 13) to base 12.
-44
Convert -64 (base 16) to base 5.
-400
Convert 2 (base 12) to base 3.
2
What is -12 (base 5) in base 7?
-10
-165 (base 7) to base 4
-1200
What is 321 (base 6) in base 3?
11111
Convert 410 (base 5) to base 16.
69
What is 133 (base 4) in base 3?
1011
Convert 101 (base 2) to base 9.
5
What is -40 (base 10) in base 6?
-104
Convert 157 (base 8) to base 2.
1101111
-233 (base 4) to base 8
-57
Convert 54 (base 7) to base 11.
36
1 (base 8) to base 5
1
Convert 10010 (base 3) to base 5.
314
Convert 155 (base 13) to base 8.
357
What is -1 (base 5) in base 10?
-1
Convert -1 (base 15) to base 5.
-1
What is 7 (base 15) in base 4?
13
-1 (base 13) to base 2
-1
Convert 5 (base 11) to base 5.
10
-12 (base 3) to base 12
-5
Convert -25 (base 7) to base 2.
-10011
Convert 1 (base 4) to base 14.
1
What is 162 (base 9) in base 4?
2021
What is 4 (base 15) in base 3?
11
What is -49 (base 12) in base 13?
-45
What is 11 (base 3) in base 5?
4
What is -2 (base 12) in base 6?
-2
What is a3 (base 11) in base 7?
221
What is 0 (base 14) in base 15?
0
What is 33 (base 4) in base 12?
13
-3 (base 11) to base 15
-3
Convert 20 (base 7) to base 6.
22
What is -221 (base 3) in base 7?
-34
What is -a (base 16) in base 15?
-a
What is 163 (base 11) in base 12?
13a
What is -21 (base 16) in base 11?
-30
600 (base 7) to base 14
170
-25 (base 11) to base 15
-1c
What is 1032 (base 5) in base 9?
167
1a (base 14) to base 8
30
-10b (base 16) to base 15
-12c
What is 155 (base 6) in base 2?
1000111
Convert -99 (base 13) to base 6.
-330
Convert -23 (base 5) to base 3.
-111
100 (base 2) to base 3
11
10 (base 2) to base 12
2
What is 213 (base 9) in base 6?
450
Convert -7 (base 12) to base 9.
-7
Convert -214 (base 7) to base 10.
-109
-34 (base 7) to base 3
-221
What is 20 (base 5) in base 3?
101
-b (base 14) to base 4
-23
What is 14 (base 10) in base 9?
15
2a (base 14) to base 16
26
-24 (base 12) to base 5
-103
-10010 (base 2) to base 10
-18
What is 25 (base 10) in base 15?
1a
Convert -5 (base 11) to base 13.
-5
What is -1010101 (base 2) in base 13?
-67
What is 37 (base 16) in base 14?
3d
-5b (base 12) to base 9
-78
-a (base 13) to base 8
-12
What is 1110 (base 4) in base 12?
70
What is 233 (base 5) in base 14?
4c
-1 (base 8) to base 6
-1
What is -100 (base 2) in base 11?
-4
What is 11011 (base 2) in base 3?
1000
What is 2 (base 11) in base 14?
2
Convert -1 (base 15) to base 14.
-1
What is 2 (base 4) in base 13?
2
Convert 60 (base 10) to base 14.
44
What is 5 (base 16) in base 10?
5
Convert -1 (base 9) to base 12.
-1
What is -27 (base 10) in base 7?
-36
Convert -47 (base 12) to base 8.
-67
What is -7 (base 13) in base 6?
-11
3 (base 12) to base 14
3
-3 (base 14) to base 10
-3
20 (base 3) to base 6
10
1 (base 13) to base 15
1
Convert 29 (base 12) to base 14.
25
-2 (base 16) to base 5
-2
What is 127 (base 8) in base 13?
69
Convert c (base 15) to base 7.
15
What is 22 (base 6) in base 9?
15
6 (base 9) to base 12
6
127 (base 9) to base 12
8a
Convert 71 (base 13) to base 10.
92
3 (base 8) to base 13
3
-46 (base 16) to base 10
-70
8 (base 14) to base 6
12
Convert -50 (base 8) to base 6.
-104
Convert 221 (base 3) to base 8.
31
Convert 70 (base 8) to base 6.
132
What is 10001 (base 4) in base 11?
214
-7 (base 8) to base 10
-7
What is -d (base 14) in base 3?
-111
101 (base 5) to base 16
1a
5 (base 16) to base 4
11
Convert 25 (base 12) to base 16.
1d
Convert 10 (base 6) to base 12.
6
Convert 4 (base 7) to base 4.
10
-11 (base 13) to base 12
-12
What is -6 (base 13) in base 6?
-10
What is -62 (base 14) in base 2?
-1010110
What is 2 (base 15) in base 8?
2
What is 20211 (base 3) in base 9?
224
Convert -101011100 (base 2) to base 6.
-1340
Convert 10101 (base 2) to base 6.
33
1010 (base 2) to base 4
22
What is -100 (base 2) in base 6?
-4
Convert 31 (base 12) to base 13.
2b
-46 (base 9) to base 5
-132
Convert 11 (base 9) to base 15.
a
What is 1000 (base 4) in base 8?
100
What is -35 (base 8) in base 11?
-27
Convert 12011 (base 3) to base 2.
10001011
What is -125 (base 9) in base 2?
-1101000
Convert 5 (base 12) to base 5.
10
2 (base 16) to base 13
2
What is -1121 (base 6) in base 7?
-526
Convert -2131 (base 4) to base 16.
-9d
-52 (base 6) to base 12
-28
-5 (base 8) to base 5
-10
0 (base 8) to base 15
0
-104 (base 6) to base 9
-44
What is -93 (base 10) in base 13?
-72
What is -6b (base 12) in base 13?
-65
What is 1 (base 13) in base 14?
1
What is 18 (base 12) in base 15?
15
What is -2 (base 12) in base 6?
-2
114 (base 5) to base 2
100010
Convert 0 (base 13) to base 7.
0
What is -17 (base 9) in base 13?
-13
Convert 3 (base 11) to base 16.
3
What is -19 (base 11) in base 16?
-14
Convert -40 (base 12) to base 16.
-30
Convert 3 (base 13) to base 16.
3
231 (base 12) to base 15
16a
What is -190 (base 11) in base 4?
-3130
Convert -29 (base 11) to base 16.
-1f
Convert -100 (base 5) to base 11.
-23
What is 11 (base 2) in base 3?
10
101 (base 5) to base 9
28
Convert 0 (base 16) to base 8.
0
110 (base 2) to base 15
6
Convert -18 (base 10) to base 9.
-20
-1 (base 16) to base 6
-1
Convert 3a (base 16) to base 14.
42
Convert a (base 11) to base 16.
a
What is 20 (base 5) in base 4?
22
-35 (base 13) to base 11
-40
2140 (base 5) to base 3
101221
Convert -1110 (base 2) to base 11.
-13
3 (base 12) to base 3
10
Convert -102 (base 5) to base 15.
-1c
What is 35 (base 9) in base 15?
22
What is 3 (base 12) in base 5?
3
Convert 85 (base 11) to base 3.
10110
-1001 (base 3) to base 2
-11100
101111 (base 2) to base 14
35
Convert 47 (base 10) to base 4.
233
-71 (base 10) to base 4
-1013
What is 1 (base 16) in base 3?
1
Convert -17 (base 12) to base 7.
-25
20 (base 6) to base 14
c
Convert 21 (base 11) to base 8.
27
-1 (base 6) to base 7
-1
What is -a (base 15) in base 7?
-13
Convert 1110 (base 2) to base 16.
e
What is 1 (base 10) in base 4?
1
Convert -2 (base 10) to base 11.
-2
2 (base 14) to base 12
2
43 (base 9) to base 13
30
-2 (base 4) to base 14
-2
What is -91 (base 15) in base 11?
-114
Convert 1222 (base 3) to base 11.
49
Convert 5 (base 10) to base 11.
5
53 (base 15) to base 13
60
What is -4 (base 6) in base 8?
-4
Convert -5 (base 9) to base 15.
-5
Convert 0 (base 8) to base 3.
0
Convert 3 (base 4) to base 12.
3
0 (base 14) to base 16
0
What is 6 (base 14) in base 6?
10
Convert 2 (base 5) to base 6.
2
-9 (base 16) to base 4
-21
Convert -12 (base 7) to base 2.
-1001
3 (base 15) to base 3
10
Convert -b9 (base 12) to base 16.
-8d
Convert -305 (base 7) to base 5.
-1102
What is f (base 16) in base 15?
10
What is 2 (base 5) in base 10?
2
What is 11111110 (base 2) in base 8?
376
What is -3 (base 16) in base 2?
-11
Convert 52 (base 8) to base 6.
110
Convert -30 (base 14) to base 12.
-36
-30 (base 16) to base 3
-1210
Convert -32 (base 4) to base 11.
-13
What is -47 (base 15) in base 16?
-43
-110 (base 10) to base 6
-302
Convert 4 (base 8) to base 11.
4
Convert -24 (base 6) to base 12.
-14
-9 (base 13) to base 15
-9
Convert 10 (base 5) to base 2.
101
Convert -20 (base 8) to base 11.
-15
3 (base 7) to base 12
3
Convert 60 (base 12) to base 14.
52
What is 6 (base 16) in base 11?
6
What is 3 (base 12) in base 2?
11
3 (base 9) to base 6
3
-10 (base 3) to base 4
-3
Convert -36 (base 10) to base 16.
-24
What is -11 (base 7) in base 8?
-10
Convert 3 (base 15) to base 6.
3
Convert 14 (base 5) to base 2.
1001
Convert -f9 (base 16) to base 6.
-1053
-2 (base 15) to ba